0 is divided by 92?
84
What is the remainder when 6123 is divided by 1696?
1035
Calculate the remainder when 63131 is divided by 61.
57
What is the remainder when 7148 is divided by 62?
18
What is the remainder when 5876 is divided by 1912?
140
Calculate the remainder when 32120 is divided by 339.
254
What is the remainder when 3944 is divided by 131?
14
Calculate the remainder when 4658 is divided by 1545.
23
What is the remainder when 9181 is divided by 296?
5
What is the remainder when 21901 is divided by 1368?
13
Calculate the remainder when 207996 is divided by 103985.
26
Calculate the remainder when 989 is divided by 245.
9
Calculate the remainder when 7165 is divided by 326.
319
What is the remainder when 2230 is divided by 278?
6
Calculate the remainder when 248261 is divided by 27584.
5
What is the remainder when 9999 is divided by 825?
99
What is the remainder when 180 is divided by 73?
34
What is the remainder when 4376 is divided by 2153?
70
What is the remainder when 207236 is divided by 66?
62
Calculate the remainder when 3444 is divided by 212.
52
What is the remainder when 31830 is divided by 225?
105
What is the remainder when 4385 is divided by 276?
245
Calculate the remainder when 158793 is divided by 52926.
15
Calculate the remainder when 1844735 is divided by 161.
158
What is the remainder when 19293 is divided by 1288?
1261
Calculate the remainder when 7972143 is divided by 1099.
1096
What is the remainder when 5259 is divided by 5137?
122
Calculate the remainder when 1098 is divided by 65.
58
What is the remainder when 110297 is divided by 227?
202
What is the remainder when 118761 is divided by 177?
171
Calculate the remainder when 3916 is divided by 540.
136
What is the remainder when 5820 is divided by 2275?
1270
What is the remainder when 1970 is divided by 246?
2
What is the remainder when 69978 is divided by 69946?
32
What is the remainder when 15360 is divided by 26?
20
Calculate the remainder when 6737 is divided by 336.
17
Calculate the remainder when 19367 is divided by 36.
35
What is the remainder when 706328 is divided by 851?
849
What is the remainder when 6648 is divided by 78?
18
Calculate the remainder when 15619 is divided by 7801.
17
Calculate the remainder when 23677 is divided by 46.
33
Calculate the remainder when 802 is divided by 106.
60
Calculate the remainder when 34956 is divided by 78.
12
Calculate the remainder when 7692 is divided by 171.
168
What is the remainder when 974510 is divided by 542?
536
What is the remainder when 4011 is divided by 406?
357
Calculate the remainder when 1032 is divided by 22.
20
What is the remainder when 1755 is divided by 887?
868
What is the remainder when 33217 is divided by 220?
217
What is the remainder when 795 is divided by 141?
90
Calculate the remainder when 25847 is divided by 12910.
27
What is the remainder when 5530 is divided by 459?
22
What is the remainder when 153889 is divided by 121?
98
What is the remainder when 50613 is divided by 115?
13
Calculate the remainder when 2707 is divided by 17.
4
What is the remainder when 818323 is divided by 14?
9
Calculate the remainder when 231593 is divided by 23.
6
Calculate the remainder when 134988 is divided by 227.
150
Calculate the remainder when 4055 is divided by 1161.
572
What is the remainder when 82088 is divided by 1093?
113
What is the remainder when 62302 is divided by 31126?
50
Calculate the remainder when 1495 is divided by 1409.
86
What is the remainder when 28286 is divided by 354?
320
Calculate the remainder when 8798 is divided by 13.
10
Calculate the remainder when 343 is divided by 205.
138
Calculate the remainder when 8409 is divided by 560.
9
Calculate the remainder when 1387 is divided by 122.
45
Calculate the remainder when 5511 is divided by 563.
444
Calculate the remainder when 49338 is divided by 609.
9
What is the remainder when 3111 is divided by 449?
417
What is the remainder when 473071 is divided by 37?
26
What is the remainder when 32923 is divided by 578?
555
What is the remainder when 16629 is divided by 396?
393
Calculate the remainder when 29521 is divided by 42.
37
What is the remainder when 1794 is divided by 134?
52
Calculate the remainder when 3348 is divided by 38.
4
Calculate the remainder when 6337 is divided by 1052.
25
Calculate the remainder when 2465 is divided by 217.
78
What is the remainder when 8950 is divided by 374?
348
Calculate the remainder when 3243 is divided by 13.
6
What is the remainder when 50120 is divided by 634?
34
Calculate the remainder when 6817 is divided by 68.
17
What is the remainder when 26198 is divided by 594?
62
Calculate the remainder when 5679 is divided by 272.
239
Calculate the remainder when 193501 is divided by 64490.
31
What is the remainder when 3628 is divided by 165?
163
What is the remainder when 1746986 is divided by 987?
983
Calculate the remainder when 321298 is divided by 510.
508
What is the remainder when 51867 is divided by 384?
27
What is the remainder when 10888 is divided by 3543?
259
Calculate the remainder when 187483 is divided by 189.
184
What is the remainder when 19300 is divided by 1286?
10
Calculate the remainder when 1133 is divided by 965.
168
What is the remainder when 4851 is divided by 1609?
24
What is the remainder when 136990 is divided by 867?
4
What is the remainder when 24762 is divided by 837?
489
Calculate the remainder when 14198 is divided by 4726.
20
What is the remainder when 45260 is divided by 82?
78
Calculate the remainder when 1506 is divided by 18.
12
Calculate the remainder when 17807 is divided by 414.
5
What is the remainder when 14946 is divided by 19?
12
Calculate the remainder when 262 is divided by 78.
28
What is the remainder when 14230 is divided by 685?
530
Calculate the remainder when 1839 is divided by 41.
35
What is the remainder when 889759 is divided by 31?
28
What is the remainder when 1445 is divided by 82?
51
Calculate the remainder when 1670 is divided by 831.
8
Calculate the remainder when 2669 is divided by 51.
17
What is the remainder when 629384 is divided by 31?
22
Calculate the remainder when 43369 is divided by 271.
9
What is the remainder when 285887 is divided by 78?
17
What is the remainder when 45796 is divided by 608?
196
What is the remainder when 996629 is divided by 81?
5
What is the remainder when 41921 is divided by 32?
1
Calculate the remainder when 1705075 is divided by 99.
97
What is the remainder when 1726 is divided by 64?
62
Calculate the remainder when 41856 is divided by 10464.
0
What is the remainder when 50419 is divided by 1040?
499
Calculate the remainder when 33809 is divided by 1352.
9
What is the remainder when 112110 is divided by 1649?
1627
What is the remainder when 73 is divided by 21?
10
Calculate the remainder when 2945 is divided by 7.
5
What is the remainder when 6134 is divided by 267?
260
Calculate the remainder when 424 is divided by 152.
120
Calculate the remainder when 5209 is divided by 137.
3
What is the remainder when 2784 is divided by 346?
16
Calculate the remainder when 3103 is divided by 835.
598
What is the remainder when 33671 is divided by 46?
45
Calculate the remainder when 28925 is divided by 64.
61
Calculate the remainder when 4118 is divided by 81.
68
Calculate the remainder when 5941373 is divided by 64.
61
Calculate the remainder when 522 is divided by 173.
3
What is the remainder when 12897 is divided by 2523?
282
What is the remainder when 16365 is divided by 1160?
125
What is the remainder when 1616 is divided by 1334?
282
What is the remainder when 769722 is divided by 65?
57
What is the remainder when 206 is divided by 24?
14
What is the remainder when 3661 is divided by 312?
229
Calculate the remainder when 12744 is divided by 12735.
9
What is the remainder when 3789 is divided by 19?
8
What is the remainder when 5274 is divided by 1748?
30
What is the remainder when 3896 is divided by 3883?
13
What is the remainder when 590405 is divided by 22?
13
Calculate the remainder when 319263 is divided by 1336.
1295
Calculate the remainder when 14299 is divided by 2.
1
Calculate the remainder when 22212 is divided by 11100.
12
Calculate the remainder when 28088 is divided by 7.
4
Calculate the remainder